{"id":28980,"date":"2025-11-13T19:52:12","date_gmt":"2025-11-13T18:52:12","guid":{"rendered":"https:\/\/www.canblau.net\/?post_type=tribe_events&#038;p=28980"},"modified":"2025-11-13T19:52:12","modified_gmt":"2025-11-13T18:52:12","slug":"concert-de-nadal-cor-juvenil-direccio-nadia-acebal-cor-municipal-can-blau-direccio-miquel-angel-aguilo-esglesia-sant-jordi-18-desembre-20-00-h","status":"publish","type":"tribe_events","link":"https:\/\/www.canblau.net\/ca\/evento\/concert-de-nadal-cor-juvenil-direccio-nadia-acebal-cor-municipal-can-blau-direccio-miquel-angel-aguilo-esglesia-sant-jordi-18-desembre-20-00-h\/","title":{"rendered":"CONCERT DE NADAL &#8211; Cor Juvenil &#8211; direcci\u00f3 Nadia Acebal &#8211; Cor Municipal Can Blau &#8211; direcci\u00f3 Miquel \u00c0ngel Aguil\u00f3 &#8211; ESGL\u00c9SIA SANT JORDI 18 DESEMBRE   20.00 h"},"content":{"rendered":"","protected":false},"excerpt":{"rendered":"","protected":false},"author":2,"featured_media":28978,"template":"","meta":{"_tribe_events_status":"","_tribe_events_status_reason":"","_tribe_events_is_hybrid":"","_tribe_events_is_virtual":"","_tribe_events_virtual_video_source":"","_tribe_events_virtual_embed_video":"","_tribe_events_virtual_linked_button_text":"","_tribe_events_virtual_linked_button":"","_tribe_events_virtual_show_embed_at":"","_tribe_events_virtual_show_embed_to":[],"_tribe_events_virtual_show_on_event":"","_tribe_events_virtual_show_on_views":"","_tribe_events_virtual_url":"","footnotes":""},"tags":[],"tribe_events_cat":[11,10,12],"class_list":["post-28980","tribe_events","type-tribe_events","status-publish","has-post-thumbnail","hentry","tribe_events_cat-clases-ca","tribe_events_cat-conciertos-ca","tribe_events_cat-destacado-ca","cat_clases-ca","cat_conciertos-ca","cat_destacado-ca"],"_links":{"self":[{"href":"https:\/\/www.canblau.net\/ca\/wp-json\/wp\/v2\/tribe_events\/28980","targetHints":{"allow":["GET"]}}],"collection":[{"href":"https:\/\/www.canblau.net\/ca\/wp-json\/wp\/v2\/tribe_events"}],"about":[{"href":"https:\/\/www.canblau.net\/ca\/wp-json\/wp\/v2\/types\/tribe_events"}],"author":[{"embeddable":true,"href":"https:\/\/www.canblau.net\/ca\/wp-json\/wp\/v2\/users\/2"}],"version-history":[{"count":0,"href":"https:\/\/www.canblau.net\/ca\/wp-json\/wp\/v2\/tribe_events\/28980\/revisions"}],"wp:featuredmedia":[{"embeddable":true,"href":"https:\/\/www.canblau.net\/ca\/wp-json\/wp\/v2\/media\/28978"}],"wp:attachment":[{"href":"https:\/\/www.canblau.net\/ca\/wp-json\/wp\/v2\/media?parent=28980"}],"wp:term":[{"taxonomy":"post_tag","embeddable":true,"href":"https:\/\/www.canblau.net\/ca\/wp-json\/wp\/v2\/tags?post=28980"},{"taxonomy":"tribe_events_cat","embeddable":true,"href":"https:\/\/www.canblau.net\/ca\/wp-json\/wp\/v2\/tribe_events_cat?post=28980"}],"curies":[{"name":"wp","href":"https:\/\/api.w.org\/{rel}","templated":true}]}}

CONCERT DE NADAL &#8211; Cor Juvenil &#8211; direcció Nadia Acebal &#8211; Cor Municipal Can Blau &#8211; direcció Miquel Àngel Aguiló &#8211; ESGLÉSIA SANT JORDI 18 DESEMBRE   20.00 h
