{"id":28974,"date":"2025-11-13T19:02:09","date_gmt":"2025-11-13T18:02:09","guid":{"rendered":"https:\/\/www.canblau.net\/?post_type=tribe_events&#038;p=28974"},"modified":"2025-11-13T19:02:09","modified_gmt":"2025-11-13T18:02:09","slug":"concert-de-nadal-agrupacions-instrumentals-dels-alumnes-de-lescola-municipal-de-musica-can-blau-esglesia-de-sant-agusti-dimecres-17-de-desembre-a-les-18-h","status":"publish","type":"tribe_events","link":"https:\/\/www.canblau.net\/ca\/evento\/concert-de-nadal-agrupacions-instrumentals-dels-alumnes-de-lescola-municipal-de-musica-can-blau-esglesia-de-sant-agusti-dimecres-17-de-desembre-a-les-18-h\/","title":{"rendered":"Concert de Nadal  Agrupacions instrumentals  dels alumnes de  l\u2019Escola Municipal de M\u00fasica Can Blau &#8211; Esgl\u00e9sia de Sant Agust\u00ed,  dimecres 17 de desembre a les 18 h"},"content":{"rendered":"","protected":false},"excerpt":{"rendered":"","protected":false},"author":2,"featured_media":28972,"template":"","meta":{"_tribe_events_status":"","_tribe_events_status_reason":"","_tribe_events_is_hybrid":"","_tribe_events_is_virtual":"","_tribe_events_virtual_video_source":"","_tribe_events_virtual_embed_video":"","_tribe_events_virtual_linked_button_text":"","_tribe_events_virtual_linked_button":"","_tribe_events_virtual_show_embed_at":"","_tribe_events_virtual_show_embed_to":[],"_tribe_events_virtual_show_on_event":"","_tribe_events_virtual_show_on_views":"","_tribe_events_virtual_url":"","footnotes":""},"tags":[],"tribe_events_cat":[11,10,12],"class_list":["post-28974","tribe_events","type-tribe_events","status-publish","has-post-thumbnail","hentry","tribe_events_cat-clases-ca","tribe_events_cat-conciertos-ca","tribe_events_cat-destacado-ca","cat_clases-ca","cat_conciertos-ca","cat_destacado-ca"],"_links":{"self":[{"href":"https:\/\/www.canblau.net\/ca\/wp-json\/wp\/v2\/tribe_events\/28974","targetHints":{"allow":["GET"]}}],"collection":[{"href":"https:\/\/www.canblau.net\/ca\/wp-json\/wp\/v2\/tribe_events"}],"about":[{"href":"https:\/\/www.canblau.net\/ca\/wp-json\/wp\/v2\/types\/tribe_events"}],"author":[{"embeddable":true,"href":"https:\/\/www.canblau.net\/ca\/wp-json\/wp\/v2\/users\/2"}],"version-history":[{"count":0,"href":"https:\/\/www.canblau.net\/ca\/wp-json\/wp\/v2\/tribe_events\/28974\/revisions"}],"wp:featuredmedia":[{"embeddable":true,"href":"https:\/\/www.canblau.net\/ca\/wp-json\/wp\/v2\/media\/28972"}],"wp:attachment":[{"href":"https:\/\/www.canblau.net\/ca\/wp-json\/wp\/v2\/media?parent=28974"}],"wp:term":[{"taxonomy":"post_tag","embeddable":true,"href":"https:\/\/www.canblau.net\/ca\/wp-json\/wp\/v2\/tags?post=28974"},{"taxonomy":"tribe_events_cat","embeddable":true,"href":"https:\/\/www.canblau.net\/ca\/wp-json\/wp\/v2\/tribe_events_cat?post=28974"}],"curies":[{"name":"wp","href":"https:\/\/api.w.org\/{rel}","templated":true}]}}

Concert de Nadal  Agrupacions instrumentals  dels alumnes de  l’Escola Municipal de Música Can Blau &#8211; Església de Sant Agustí,  dimecres 17 de desembre a les 18 h
