{"id":723,"date":"2014-04-11T09:30:18","date_gmt":"2014-04-11T09:30:18","guid":{"rendered":"https:\/\/www.canblau.net\/escola\/cursos\/adultos\/"},"modified":"2014-05-19T14:34:39","modified_gmt":"2014-05-19T14:34:39","slug":"adults","status":"publish","type":"page","link":"https:\/\/www.canblau.net\/ca\/escola\/cursos\/adults\/","title":{"rendered":"Adults"},"content":{"rendered":"<h2><\/h2>\n<h2>L\u2019escola de m\u00fasica Can Blau ofereix la seva formaci\u00f3 musical tamb\u00e9 a alumnes adults, adaptant les classes i la metodologia a les necessitats dels diferents grups.<\/h2>\n<div id=\"new-royalslider-2\" class=\"royalSlider new-royalslider-2 rsUni rs-default-template\" style=\"width:100%;height:501px;;\" data-rs-options='{&quot;template&quot;:&quot;default&quot;,&quot;image_generation&quot;:{&quot;imageWidth&quot;:800,&quot;imageHeight&quot;:501,&quot;thumbImageWidth&quot;:&quot;&quot;,&quot;thumbImageHeight&quot;:&quot;&quot;},&quot;thumbs&quot;:{&quot;thumbWidth&quot;:96,&quot;thumbHeight&quot;:72},&quot;block&quot;:{&quot;moveOffset&quot;:20,&quot;speed&quot;:400,&quot;delay&quot;:200},&quot;width&quot;:&quot;100%&quot;,&quot;height&quot;:&quot;501px&quot;,&quot;slidesSpacing&quot;:0,&quot;imageScaleMode&quot;:&quot;fill&quot;,&quot;imageScalePadding&quot;:0}'>\n<div class=\"rsContent\">\n  <img decoding=\"async\" class=\"rsImg\" src=\"https:\/\/www.canblau.net\/wp-content\/uploads\/2014\/04\/asultos.jpg\" alt=\"asultos\"\/>\n  \n  \n  \n<\/div>\n\n<\/div>\n\n<p>&nbsp;<\/p>\n<h3>L\u2019ensenyan\u00e7a consta de quatre anys. Les assignatures s\u00f3n:<\/h3>\n<p>Llenguatge musical: 2 hores setmanals<br \/>\nConjunt instrumental: 1 hora setmanal<br \/>\nConjunt vocal: 1 hora setmanal<br \/>\nClasse individual d\u2019instrument: 30, 45 o 60 minuts setmanals<\/p>\n<p>Les especialitats instrumentals s\u00f3n: flauta travessera, clarinet, trompeta, trompa, saxofon, tromb\u00f3, bombard\u00ed, tuba i percussi\u00f3. Com a segon instrument: piano o veu.<\/p>\n<h3>Els objectius de l\u2019ensenyament s\u00f3n:<\/h3>\n<p>\u00b7 Desvetllar l\u2019afici\u00f3 a la m\u00fasica.<br \/>\n\u00b7 Descobrir i desenvolupar les capacitats expressives, musicals i motrius.<br \/>\n\u00b7 Treballar les habilitats t\u00e8cniques per a la pr\u00e0ctica individual i en grup, tocant i cantant.<br \/>\n\u00b7 Estudiar un instrument.<br \/>\n\u00b7 Gaudir de la m\u00fasica i expressar-se amb sensibilitat musical i est\u00e8tica en interpretar peces de diferents \u00e8poques i estils.<br \/>\n\u00b7 Compartir la m\u00fasica amb els companys del grup, habituant-se a escoltar altres veus o instruments i a adaptant-se equilibradament al conjunt.<\/p>\n<h3>Quotes<\/h3>\n<div class=\"su-table su-table-alternate\">\n<table>\n<tbody>\n<tr>\n<td><\/td>\n<td><\/td>\n<td>Matr\u00edcula<\/td>\n<td>Mensualitat<\/td>\n<\/tr>\n<tr>\n<td>Adults<\/td>\n<td>M\u00ednim 4,5 hores en dues o tres jornades setmanals<\/td>\n<td>60\u20ac<\/td>\n<td>60\u20ac*<\/td>\n<\/tr>\n<\/tbody>\n<\/table>\n<p>* La totalitat del curs (9 mesos) s&#8217;haur\u00e0 d&#8217;abonar durant els tres primers mesos del curs.<\/p>\n<\/div>\n<div class=\"su-divider su-divider-style-default\" style=\"margin:15px 0;border-width:3px;border-color:#999999\"><\/div>\n<h3>Quotes per empadronats a Sant Josep de sa Talaia<\/h3>\n<div class=\"su-table su-table-alternate\">\n<table>\n<tbody>\n<tr>\n<td><\/td>\n<td><\/td>\n<td>Matr\u00edcula<\/td>\n<td>Mensualitat<\/td>\n<\/tr>\n<tr>\n<td>Adults<\/td>\n<td>M\u00ednim 4,5 hores en dues o tres jornades setmanals<\/td>\n<td>50\u20ac<\/td>\n<td>50\u20ac*<\/td>\n<\/tr>\n<\/tbody>\n<\/table>\n<p>* La totalitat del curs (9 mesos) s&#8217;haur\u00e0 d&#8217;abonar durant els tres primers mesos del curs.<\/p>\n<\/div>\n<p>&nbsp;<\/p>\n<p>&nbsp;<\/p>\n<p>&nbsp;<\/p>\n<h3>M\u00e1s informaci\u00f3n e inscripciones<\/h3>\n<a href=\"\/?page_id=747\" class=\"su-button su-button-style-flat\" style=\"color:#FFFFFF;background-color:#084077;border-color:#073460;border-radius:8px\" target=\"_self\"><span style=\"color:#FFFFFF;padding:7px 22px;font-size:17px;line-height:26px;border-color:#537aa0;border-radius:8px;text-shadow:none\"><i class=\"sui sui-file-text-o\" style=\"font-size:17px;color:#FFFFFF\"><\/i> Anar a Matr\u00edcules i Inscripcions<\/span><\/a>\n","protected":false},"excerpt":{"rendered":"<p>L\u2019escola de m\u00fasica Can Blau ofereix la seva formaci\u00f3 musical tamb\u00e9 a alumnes adults, adaptant les classes i la metodologia a les necessitats dels diferents grups. &nbsp; L\u2019ensenyan\u00e7a consta de [&hellip;]<\/p>\n","protected":false},"author":1,"featured_media":0,"parent":720,"menu_order":0,"comment_status":"closed","ping_status":"closed","template":"","meta":{"footnotes":""},"class_list":["post-723","page","type-page","status-publish","hentry"],"_links":{"self":[{"href":"https:\/\/www.canblau.net\/ca\/wp-json\/wp\/v2\/pages\/723","targetHints":{"allow":["GET"]}}],"collection":[{"href":"https:\/\/www.canblau.net\/ca\/wp-json\/wp\/v2\/pages"}],"about":[{"href":"https:\/\/www.canblau.net\/ca\/wp-json\/wp\/v2\/types\/page"}],"author":[{"embeddable":true,"href":"https:\/\/www.canblau.net\/ca\/wp-json\/wp\/v2\/users\/1"}],"replies":[{"embeddable":true,"href":"https:\/\/www.canblau.net\/ca\/wp-json\/wp\/v2\/comments?post=723"}],"version-history":[{"count":0,"href":"https:\/\/www.canblau.net\/ca\/wp-json\/wp\/v2\/pages\/723\/revisions"}],"up":[{"embeddable":true,"href":"https:\/\/www.canblau.net\/ca\/wp-json\/wp\/v2\/pages\/720"}],"wp:attachment":[{"href":"https:\/\/www.canblau.net\/ca\/wp-json\/wp\/v2\/media?parent=723"}],"curies":[{"name":"wp","href":"https:\/\/api.w.org\/{rel}","templated":true}]}}

<h2></h2>
<h2>L’escola de música Can Blau ofereix la seva formació musical també a alumnes adults, adaptant les classes i la metodologia a les necessitats dels diferents grups.</h2>
<div id="new-royalslider-2" class="royalSlider new-royalslider-2 rsUni rs-default-template" style="width:100%;height:501px;;" data-rs-options='{&quot;template&quot;:&quot;default&quot;,&quot;image_generation&quot;:{&quot;imageWidth&quot;:800,&quot;imageHeight&quot;:501,&quot;thumbImageWidth&quot;:&quot;&quot;,&quot;thumbImageHeight&quot;:&quot;&quot;},&quot;thumbs&quot;:{&quot;thumbWidth&quot;:96,&quot;thumbHeight&quot;:72},&quot;block&quot;:{&quot;moveOffset&quot;:20,&quot;speed&quot;:400,&quot;delay&quot;:200},&quot;width&quot;:&quot;100%&quot;,&quot;height&quot;:&quot;501px&quot;,&quot;slidesSpacing&quot;:0,&quot;imageScaleMode&quot;:&quot;fill&quot;,&quot;imageScalePadding&quot;:0}'>
<div class="rsContent">
  <img decoding="async" class="rsImg" src="https://www.canblau.net/wp-content/uploads/2014/04/asultos.jpg" alt="asultos"/>
  
  
  
</div>

</div>

<p>&nbsp;</p>
<h3>L’ensenyança consta de quatre anys. Les assignatures són:</h3>
<p>Llenguatge musical: 2 hores setmanals<br />
Conjunt instrumental: 1 hora setmanal<br />
Conjunt vocal: 1 hora setmanal<br />
Classe individual d’instrument: 30, 45 o 60 minuts setmanals</p>
<p>Les especialitats instrumentals són: flauta travessera, clarinet, trompeta, trompa, saxofon, trombó, bombardí, tuba i percussió. Com a segon instrument: piano o veu.</p>
<h3>Els objectius de l’ensenyament són:</h3>
<p>· Desvetllar l’afició a la música.<br />
· Descobrir i desenvolupar les capacitats expressives, musicals i motrius.<br />
· Treballar les habilitats tècniques per a la pràctica individual i en grup, tocant i cantant.<br />
· Estudiar un instrument.<br />
· Gaudir de la música i expressar-se amb sensibilitat musical i estètica en interpretar peces de diferents èpoques i estils.<br />
· Compartir la música amb els companys del grup, habituant-se a escoltar altres veus o instruments i a adaptant-se equilibradament al conjunt.</p>
<h3>Quotes</h3>
<div class="su-table su-table-alternate">
<table>
<tbody>
<tr>
<td></td>
<td></td>
<td>Matrícula</td>
<td>Mensualitat</td>
</tr>
<tr>
<td>Adults</td>
<td>Mínim 4,5 hores en dues o tres jornades setmanals</td>
<td>60€</td>
<td>60€*</td>
</tr>
</tbody>
</table>
<p>* La totalitat del curs (9 mesos) s&#8217;haurà d&#8217;abonar durant els tres primers mesos del curs.</p>
</div>
<div class="su-divider su-divider-style-default" style="margin:15px 0;border-width:3px;border-color:#999999"></div>
<h3>Quotes per empadronats a Sant Josep de sa Talaia</h3>
<div class="su-table su-table-alternate">
<table>
<tbody>
<tr>
<td></td>
<td></td>
<td>Matrícula</td>
<td>Mensualitat</td>
</tr>
<tr>
<td>Adults</td>
<td>Mínim 4,5 hores en dues o tres jornades setmanals</td>
<td>50€</td>
<td>50€*</td>
</tr>
</tbody>
</table>
<p>* La totalitat del curs (9 mesos) s&#8217;haurà d&#8217;abonar durant els tres primers mesos del curs.</p>
</div>
<p>&nbsp;</p>
<p>&nbsp;</p>
<p>&nbsp;</p>
<h3>Más información e inscripciones</h3>
<a href="/?page_id=747" class="su-button su-button-style-flat" style="color:#FFFFFF;background-color:#084077;border-color:#073460;border-radius:8px" target="_self"><span style="color:#FFFFFF;padding:7px 22px;font-size:17px;line-height:26px;border-color:#537aa0;border-radius:8px;text-shadow:none"><i class="sui sui-file-text-o" style="font-size:17px;color:#FFFFFF"></i> Anar a Matrícules i Inscripcions</span></a>

<p>L’escola de música Can Blau ofereix la seva formació musical també a alumnes adults, adaptant les classes i la metodologia a les necessitats dels diferents grups. &nbsp; L’ensenyança consta de [&hellip;]</p>
