{"id":130,"date":"2014-04-11T09:42:52","date_gmt":"2014-04-11T09:42:52","guid":{"rendered":"https:\/\/www.canblau.net\/?page_id=130"},"modified":"2023-03-30T18:14:21","modified_gmt":"2023-03-30T16:14:21","slug":"informacio","status":"publish","type":"page","link":"https:\/\/www.canblau.net\/ca\/escola\/informacio\/","title":{"rendered":"Informaci\u00f3"},"content":{"rendered":"<h2>Escola de M\u00fasica Can Blau<\/h2>\n<p>La principal activitat de\u00a0 l\u2019ESCOLA MUNICIPAL DE M\u00daSICA CAN BLAU. L\u2019ensenyament musical que s\u2019hi imparteix s\u2019adre\u00e7a a tothom a partir de 4 anys d\u2019edat.<\/p>\n<p>Com que l\u2019educaci\u00f3 musical \u00e9s un b\u00e9 cultural al qual tots hem de poder accedir, l\u2019escola pret\u00e9n ser un centre de trobada per a aficionats, estudiants i professionals qualsevol que sigui el seu gust musical: diferents estils i \u00e8poques, des de la m\u00fasica tradicional d\u2019Eivissa fins a la m\u00fasica contempor\u00e0nia. \u00c9s objectiu prioritari de l\u2019escola formar i motivar els alumnes per fer m\u00fasica junts, oferint-los mitjans i un espai que els ho permeti.<\/p>\n<p>L\u2019escola pret\u00e9n desvetllar l\u2019inter\u00e8s de les persones per la m\u00fasica, facilitant-los gaudir-ne i accedir als valors human\u00edstics i interculturals que comporta. Aix\u00ed mateix l\u2019escola organitza intercanvis i promou col\u00b7laboracions amb artistes, associacions i altres entitats.<\/p>\n<p><strong>L&#8217;escola municipal de m\u00fasica Can Blau de Sant Josep de Sa Talaia, reconeguda segons BOIB Num. 73 15-05-2010 Num. 10749 Resoluci\u00f3 del conseller d&#8217;educaci\u00f3 i cultura de dia 26 d&#8217;abril del 2010.\u00a0 Codi del centre 07016359 Conselleria Educaci\u00f3 i Formaci\u00f3 Professional.<\/strong><\/p>\n<p>&nbsp;<\/p>\n","protected":false},"excerpt":{"rendered":"<p>Escola de M\u00fasica Can Blau La principal activitat de\u00a0 l\u2019ESCOLA MUNICIPAL DE M\u00daSICA CAN BLAU. L\u2019ensenyament musical que s\u2019hi imparteix s\u2019adre\u00e7a a tothom a partir de 4 anys d\u2019edat. Com [&hellip;]<\/p>\n","protected":false},"author":1,"featured_media":0,"parent":133,"menu_order":0,"comment_status":"closed","ping_status":"closed","template":"","meta":{"footnotes":""},"class_list":["post-130","page","type-page","status-publish","hentry"],"_links":{"self":[{"href":"https:\/\/www.canblau.net\/ca\/wp-json\/wp\/v2\/pages\/130","targetHints":{"allow":["GET"]}}],"collection":[{"href":"https:\/\/www.canblau.net\/ca\/wp-json\/wp\/v2\/pages"}],"about":[{"href":"https:\/\/www.canblau.net\/ca\/wp-json\/wp\/v2\/types\/page"}],"author":[{"embeddable":true,"href":"https:\/\/www.canblau.net\/ca\/wp-json\/wp\/v2\/users\/1"}],"replies":[{"embeddable":true,"href":"https:\/\/www.canblau.net\/ca\/wp-json\/wp\/v2\/comments?post=130"}],"version-history":[{"count":0,"href":"https:\/\/www.canblau.net\/ca\/wp-json\/wp\/v2\/pages\/130\/revisions"}],"up":[{"embeddable":true,"href":"https:\/\/www.canblau.net\/ca\/wp-json\/wp\/v2\/pages\/133"}],"wp:attachment":[{"href":"https:\/\/www.canblau.net\/ca\/wp-json\/wp\/v2\/media?parent=130"}],"curies":[{"name":"wp","href":"https:\/\/api.w.org\/{rel}","templated":true}]}}

Informació

<h2>Escola de Música Can Blau</h2>
<p>La principal activitat de  l’ESCOLA MUNICIPAL DE MÚSICA CAN BLAU. L’ensenyament musical que s’hi imparteix s’adreça a tothom a partir de 4 anys d’edat.</p>
<p>Com que l’educació musical és un bé cultural al qual tots hem de poder accedir, l’escola pretén ser un centre de trobada per a aficionats, estudiants i professionals qualsevol que sigui el seu gust musical: diferents estils i èpoques, des de la música tradicional d’Eivissa fins a la música contemporània. És objectiu prioritari de l’escola formar i motivar els alumnes per fer música junts, oferint-los mitjans i un espai que els ho permeti.</p>
<p>L’escola pretén desvetllar l’interès de les persones per la música, facilitant-los gaudir-ne i accedir als valors humanístics i interculturals que comporta. Així mateix l’escola organitza intercanvis i promou col·laboracions amb artistes, associacions i altres entitats.</p>
<p><strong>L&#8217;escola municipal de música Can Blau de Sant Josep de Sa Talaia, reconeguda segons BOIB Num. 73 15-05-2010 Num. 10749 Resolució del conseller d&#8217;educació i cultura de dia 26 d&#8217;abril del 2010.  Codi del centre 07016359 Conselleria Educació i Formació Professional.</strong></p>
<p>&nbsp;</p>

<p>Escola de Música Can Blau La principal activitat de  l’ESCOLA MUNICIPAL DE MÚSICA CAN BLAU. L’ensenyament musical que s’hi imparteix s’adreça a tothom a partir de 4 anys d’edat. Com [&hellip;]</p>
